*5/20 - 5*i**4/12 - i**3/3 + i**2 - 3*i. Calculate z(u).
12
Let a(r) = -r**3 + 3*r + 1. Let l be -46*8/(-16) - (-20)/(-4). Suppose l = 20*x - 29*x. Determine a(x).
3
Let k(w) be the third derivative of w**5/60 - 3*w**4/8 - 194*w**2. Let x(q) = -q**3 + 5*q**2 - 2*q - 1. Let f be x(4). What is k(f)?
-14
Let h(g) = -6 + g**3 + 4*g + 0 - 3*g**3 + 3*g**2 - g**2 + 0*g**3. Calculate h(3).
-30
Let u(v) = 23*v - 3. Let o be u(-1). Let l be o/(-8) - 36/(-48). Suppose l*m = 5*m + 8. Let s(k) = 2*k + 7. Determine s(m).
-9
Let z(i) = -i. Let t(v) = -13*v - 6. Let l = -43 + 44. Let p(k) = l*t(k) - 6*z(k). Give p(-5).
29
Let o(w) = 10 + 4*w + 0*w**2 - 20*w**2 + 2 + 14*w**2 + 0. What is o(2)?
-4
Let g(b) = b**2 - 9*b - 9. Let p = -9 - -10. Let a be ((-3)/(-2))/(15/100)*p. Give g(a).
1
Let z(x) be the second derivative of -x**5/20 - 3*x**4/4 + 25*x**3/3 - 31*x**2/2 - 822*x. Give z(-13).
-5
Let t(r) = -62*r + 10*r + r**2 + 34*r + 66. Let i be t(13). Let j(l) = l**2 + 5*l - 1. Let s(w) = -w. Let g(a) = -j(a) - 4*s(a). What is g(i)?
-1
Suppose 0 = 4*h - 3*h - 17. Suppose 0 = 4*t - 2*d - h + 53, 34 = -3*t - 2*d. Let z(a) = 3 + 98*a - 190*a + 93*a. Calculate z(t).
-7
Let h(m) = -m**2 + 26*m - 36. Let f be (-1 - 147/(-105))*250/4. Calculate h(f).
-11
Let c(w) = 5*w**2 - 5*w + 2 - w + 2*w - w**3. Suppose -3*z = -5*k + 3, -12 = 3*z + 4*k + 18. Let u be -3 + z + 17 + -4. Determine c(u).
2
Suppose 11 = 20*i - 149. Let m(w) = 4*w + i - 20*w - 8*w + 4*w + w**2 + 32. Give m(18).
4
Let o(u) = -23*u + 35. Let j(l) = -20*l + 26. Let a(m) = 6*j(m) - 5*o(m). Give a(-2).
-9
Let d(q) = q**3 - 3*q**2 + 2*q + 3. Let p be ((-141)/(-2))/(((-90)/24)/5). Let u = -77 - p. Let s = u - 14. What is d(s)?
9
Let l(m) = 10*m + 3. Let p(h) = 2*h**2 + 5*h - 6. Let z be p(3). Suppose 0 = 10*g - 19*g - z. Calculate l(g).
-27
Let y be ((-20)/120)/((-3)/36). Let a(m) = -12*m**3 - 5*m**2 + 14*m + 6. Let n(t) = 35*t**3 + 14*t**2 - 40*t - 17. Let u(j) = -17*a(j) - 6*n(j). Determine u(y).
-40
Let h(l) = 454*l - 236*l - 225*l - l**2 + l**3 - 1. Give h(3).
-4
Suppose 45 = 102*l - 97*l. Suppose -25 = -3*y + 5*r, 2*r + 43 + l = 4*y. Suppose -w = i - 3, 6*i - i = 3*w + y. Let f(g) = -g**2 - g - 6. Give f(w).
-6
Suppose 0 = -2*g - 4*o + 150, 3*o - 115 = -g - 36. Let h(s) = 27*s**2 + 9*s + 39*s**2 - 8 - g*s**2. What is h(7)?
6
Suppose -i - 70 = -13*i - 23*i. Let a(k) = -k + 2. Determine a(i).
0
Let r = -40781 - -40776. Let x(b) = -6*b - 3*b**2 + b**2 + b**2 - 5. Determine x(r).
0
Let x(g) = g**3 + 7*g**2 - 5*g + 15. Let b(r) = 2*r**3 + 13*r**2 - 8*r + 33. Let v(a) = 3*b(a) - 7*x(a). Give v(-11).
-6
Let q(a) = a**3 - 7*a**2 + 9. Let v be ((-580)/203)/((-35)/98). Give q(v).
73
Let f(t) = -t**2 + t. Suppose 6*w + 3 = 5*w + 2*v, -4*w = -3*v - 8. Let x = 19 - 9. Suppose -5*y - k + 3*k = -x, 0 = w*y + 4*k - 10. Calculate f(y).
-2
Let k(q) = -389*q - 385*q - 390*q - 24 + 1163*q. Calculate k(-14).
-10
Let p(q) = -20*q + 1762. Let w be p(88). Let x(a) be the second derivative of -a**4/12 - a**3/6 + a**2/2 - 3*a. What is x(w)?
-5
Suppose -6*x + 58 = -38. Let z be x/(-64) + 11/(-4). Let g(p) = -p**2 + p + 1. What is g(z)?
-11
Let u(t) = t - 10. Let g be (-4)/(-26) + (-768)/(-78). Suppose -4*a + 19 + g = -3*h, 8 = 4*h + 4*a. Let z be 1/(h/12 + 10/24). Give u(z).
-4
Let l(q) = 51*q - 10. Let d = -17233 + 17234. Give l(d).
41
Let g(l) = 2*l + 5. Suppose 4*c - 79 = 9. Suppose c*a + 32 = 14*a. Determine g(a).
-3
Let k(r) be the second derivative of r**4/12 + 2*r**3 - 29*r**2/2 - 16*r - 14. Calculate k(-14).
-1
Let z(u) = -9*u + 2. Let w(v) = 3*v**2 - 89*v + 65. Let p be w(29). Calculate z(p).
-61
Let b(i) = 7*i**3 + i**2 + 7*i. Let n(c) = 6*c**3 + 7*c. Let p(a) = 5*b(a) - 6*n(a). Suppose -153*d + 1092 = 211*d. Calculate p(d).
-3
Let w be (1 - (-12)/(-21)) + (-33)/(-21). Let j(a) = 3 - a**2 - 19*a**2 - a**3 + 8*a**2 + 6*a**w. Let v = -68 + 62. Determine j(v).
3
Let k(p) = 41 + p**3 - 46*p**2 - 2*p + 33 - p + 70. Determine k(46).
6
Let s be 114/8 + 1737/(-772). Let t(r) = -r**3 + 12*r**2 + 3*r - 29. Give t(s).
7
Let n(a) = a**2 - 7*a + 4. Let v be n(5). Suppose 4*i + 2*d - 4*d - 26 = 0, -4*d + 20 = 4*i. Let j(f) = -8 + i*f - 5*f + 7. What is j(v)?
-7
Let c(b) = -b**3 + 7*b**2 - 3*b - 16. Let x be c(6). Let g(a) be the first derivative of 4*a**2 - 2*a - 12. Determine g(x).
14
Let f = -98 - -99. Let l(d) = d**3 - d**2. Let w(g) = 3*g**3 + 4*g**2 + 2*g - 5. Let t(i) = f*w(i) - 2*l(i). Calculate t(-6).
-17
Let d(k) be the second derivative of -3*k**5/20 - k**4/6 + 5*k**2/2 - 58*k. Let f(h) = 4*h**3 + 3*h**2 - 6. Let l(o) = -5*d(o) - 4*f(o). Calculate l(-3).
8
Let d(b) be the third derivative of -11*b**4/12 - 17*b**3/3 + 18*b**2 + 2*b + 74. What is d(-5)?
76
Let w(u) = 528*u - 6 - 405*u**2 + 418*u**2 - 516*u - u**3. Calculate w(14).
-34
Let b(q) be the second derivative of q**4/24 + 2*q**3/3 + 49*q**2/2 + 53*q. Let c(w) be the first derivative of b(w). What is c(0)?
4
Let c(b) = b**2 + b + 1. Let o(n) = 7*n**2 + 3*n + 4. Let h = 808 + -809. Let m(p) = h*o(p) + 6*c(p). Calculate m(-2).
-8
Let a(h) = -368 + 96 + 269 - h**3 + 3*h**2. Let i be ((-2)/(-3))/(8/300). Suppose -3*x = 2*x + 2*n - i, 4*x - 32 = -4*n. Determine a(x).
-3
Let x(q) = 6*q**2 - q + 1. Let f(t) = -2*t**2 - 26*t - 16. Let y be f(-13). Let g be (-29)/(((-2)/4)/((-24)/y)). Let s = g - 86. Give x(s).
6
Let p(k) = k**2 + 12*k + 64. Let y(j) = 3*j**2 - 32*j + 14. Let n be y(10). Calculate p(n).
28
Let c = -82 + 40. Let u = -74 - c. Let i = u - -30. Let v(j) = j**2 + j + 2. What is v(i)?
4
Let y(k) = -2*k**2 - 88*k + 65. Let j(i) = 106*i - 787. Let w be j(7). Calculate y(w).
-25
Suppose 3*i = 7*i + 8. Let g be (i/(-2))/((-3)/(-6)). Let q(u) be the second derivative of u**3/6 - u**2/2 + 1869*u. What is q(g)?
1
Let a(g) = 5*g - 20. Let y(k) = 5*k - 17. Let t(j) = 7*a(j) - 6*y(j). Give t(7).
-3
Let y(a) = -3*a - 3. Let t(s) be the first derivative of -s**2/2 - 3*s - 3. Let c be t(-6). Suppose -3*r - 13 = -4*i - 4*r, -3*i = 3*r - c. Give y(i).
-15
Let x(j) = j + 2. Let b be (82 - 1) + (-45)/(-9). Let m = 80 - b. Let a be 3/(4/(32/m)). Determine x(a).
-2
Let y(z) = z**2 - 9*z + 5. Let q(h) be the first derivative of 21*h + 9 - 37/2*h**2 + 5/3*h**3. Let g(t) = 2*q(t) - 9*y(t). Calculate g(-6).
-9
Suppose -3*m - 28683 = -28680. Suppose -2*k + k - 3*l = 8, -k + 16 = -3*l. Let s(o) = 16*o - 4 + 4 - 3 + k. Give s(m).
-15
Let m(f) = -3095*f + 1542*f + 1552*f. Suppose -2*g + 6*g = 8. Suppose 9 = -g*c + 3. Give m(c).
3
Let a(q) = q**2 + 20*q - 11. Let r = -427 - -406. Let c be a(r). Let h(s) = -s**3 + 9*s**2 + 10*s - 6. Give h(c).
-6
Let g(w) = -w - 3. Let o be g(-3). Suppose -6*n + 2*n = -12. Let c(i) = i - 14*i**3 - 6 + 23*i**n + i**2 - 10*i**3. Determine c(o).
-6
Let v(u) = -u**2 - 8*u - 6. Suppose 23*n + c + 27 = 19*n, 0 = n + 2*c + 5. Calculate v(n).
1
Let i(w) = w**3 + 6*w**2 - 9*w - 3. Let j(t) = 47*t - 1. Let u be j(1). Suppose -u*r + 47*r = 42. Let o be -21*1*14/r. Calculate i(o).
11
Let w(u) = 7*u - 29*u**2 - 19 - 11*u - 28 - u**3 - 23. Calculate w(-29).
46
Let q(t) be the first derivative of t**5/20 - t**4/3 + 2*t**3/3 - 3*t**2/2 - 165*t + 41. Let w(a) be the first derivative of q(a). Determine w(3).
0
Let y(l) = l**2 + 10*l + 4. Let k(z) = 3*z**2 + 30*z + 13. Let a(v) = 4*k(v) - 11*y(v). Let w be 0 - (1 + 1 - 3) - 48. Let u = w + 39. Calculate a(u).
-8
Let v(r) = -4*r**3 - 10*r**2 - 11*r - 6. Let o(c) = c**3 + 4*c**2 + 4*c + 2. Let d(u) = 8*o(u) + 3*v(u). Suppose 17 = 4*q + 25. What is d(q)?
40
Let f be (-3 - -9)/((-27)/(-6984)). Let i(a) = -4*a + f - 789 - 775. Calculate i(-8).
20
Let w(i) be the third derivative of -3*i**5/20 + 2*i**2. Suppose q - 3*q - 326 = -4*l, -59 = -l - 4*q. Let n = 78 - l. Determine w(n).
-9
Let i(t) = -2*t + 14. Suppose -3*d - b = 4, -154*b = -157*b - 12. Determine i(d).
14
Let q(z) = z**2 - 7*z + 6. Let w(n) = n**3 + 16*n**2 - 7*n - 38. Let f be w(-7). Let h = 458 - f. What is q(h)?
0
Let i(u) = u**3 + 4*u**2 - u + 5. Let n = -10 + 12. Let l(g) = 5 + n - 16 + 2*g. Let p be l(2). What is i(p)?
-15
Let i(h) be the first derivative of 4*h**2 + 7*h + 26. Give i(4).
39
Let p(k) = -6*k + 47. Let o be -7 + 5*182/70. Determine p(o).
11
Let c = -148 + 151. Let w(g) = 188*g**2 - g**3 + 185*g**2 - 551*g**2 + 3*g + 179*g**2 + 3. Give w(c).
-6
Let c(u) =